{"id":4767,"date":"2021-09-27T23:43:39","date_gmt":"2021-09-28T02:43:39","guid":{"rendered":"http:\/\/dwg.org.ar\/?page_id=4767"},"modified":"2026-03-31T13:14:03","modified_gmt":"2026-03-31T16:14:03","slug":"voluntarios","status":"publish","type":"page","link":"https:\/\/dwg.org.ar\/?page_id=4767","title":{"rendered":"Voluntarios"},"content":{"rendered":"\t\t<div data-elementor-type=\"wp-page\" data-elementor-id=\"4767\" class=\"elementor elementor-4767\">\n\t\t\t\t\t\t<section class=\"elementor-section elementor-top-section elementor-element elementor-element-73729c4 elementor-section-full_width elementor-section-height-default elementor-section-height-default\" data-id=\"73729c4\" data-element_type=\"section\" data-e-type=\"section\">\n\t\t\t\t\t\t<div class=\"elementor-container elementor-column-gap-default\">\n\t\t\t\t\t<div class=\"elementor-column elementor-col-100 elementor-top-column elementor-element elementor-element-c7683b2 ot-flex-column-vertical\" data-id=\"c7683b2\" data-element_type=\"column\" data-e-type=\"column\">\n\t\t\t<div class=\"elementor-widget-wrap\">\n\t\t\t\t\t\t\t<\/div>\n\t\t<\/div>\n\t\t\t\t\t<\/div>\n\t\t<\/section>\n\t\t\t\t<section class=\"elementor-section elementor-top-section elementor-element elementor-element-24e6010 elementor-section-boxed elementor-section-height-default elementor-section-height-default\" data-id=\"24e6010\" data-element_type=\"section\" data-e-type=\"section\" data-settings=\"{&quot;background_background&quot;:&quot;classic&quot;}\">\n\t\t\t\t\t\t<div class=\"elementor-container elementor-column-gap-default\">\n\t\t\t\t\t<div class=\"elementor-column elementor-col-100 elementor-top-column elementor-element elementor-element-41d7f60 ot-flex-column-vertical\" data-id=\"41d7f60\" data-element_type=\"column\" data-e-type=\"column\">\n\t\t\t<div class=\"elementor-widget-wrap elementor-element-populated\">\n\t\t\t\t\t\t<div class=\"elementor-element elementor-element-38c992e elementor-invisible elementor-widget elementor-widget-iheading\" data-id=\"38c992e\" data-element_type=\"widget\" data-e-type=\"widget\" data-settings=\"{&quot;_animation&quot;:&quot;fadeInDown&quot;}\" data-widget_type=\"iheading.default\">\n\t\t\t\t<div class=\"elementor-widget-container\">\n\t\t\t\t\t\t\t<div class=\"ot-heading left-align\">\r\n\t\t\t\r\n\t\t\t\t\r\n\r\n\t         \r\n\r\n\t        \t        \t<h2 class=\"main-heading\">Voluntarios\n<\/h2>\r\n\t        \t    <\/div>\r\n\t    \t\t\t\t<\/div>\n\t\t\t\t<\/div>\n\t\t\t\t\t<\/div>\n\t\t<\/div>\n\t\t\t\t\t<\/div>\n\t\t<\/section>\n\t\t\t\t<section class=\"elementor-section elementor-top-section elementor-element elementor-element-68910b5 elementor-section-content-middle elementor-section-boxed elementor-section-height-default elementor-section-height-default\" data-id=\"68910b5\" data-element_type=\"section\" data-e-type=\"section\" data-settings=\"{&quot;background_background&quot;:&quot;classic&quot;}\">\n\t\t\t\t\t\t\t<div class=\"elementor-background-overlay\"><\/div>\n\t\t\t\t\t\t\t<div class=\"elementor-container elementor-column-gap-extended\">\n\t\t\t\t\t<div class=\"elementor-column elementor-col-100 elementor-top-column elementor-element elementor-element-2f09aee ot-flex-column-vertical\" data-id=\"2f09aee\" data-element_type=\"column\" data-e-type=\"column\">\n\t\t\t<div class=\"elementor-widget-wrap elementor-element-populated\">\n\t\t\t\t\t\t<div class=\"elementor-element elementor-element-50ca69a elementor-invisible elementor-widget elementor-widget-iheading\" data-id=\"50ca69a\" data-element_type=\"widget\" data-e-type=\"widget\" data-settings=\"{&quot;_animation&quot;:&quot;fadeInUp&quot;}\" data-widget_type=\"iheading.default\">\n\t\t\t\t<div class=\"elementor-widget-container\">\n\t\t\t\t\t\t\t<div class=\"ot-heading left-align\">\r\n\t\t\t\r\n\t\t\t\t\r\n\r\n\t         \r\n\r\n\t        \t        \t<h2 class=\"main-heading\">Voluntarios\n<\/h2>\r\n\t        \t    <\/div>\r\n\t    \t\t\t\t<\/div>\n\t\t\t\t<\/div>\n\t\t\t\t<div class=\"elementor-element elementor-element-d06c4c5 elementor-invisible elementor-widget elementor-widget-text-editor\" data-id=\"d06c4c5\" data-element_type=\"widget\" data-e-type=\"widget\" data-settings=\"{&quot;_animation&quot;:&quot;fadeIn&quot;}\" data-widget_type=\"text-editor.default\">\n\t\t\t\t<div class=\"elementor-widget-container\">\n\t\t\t\t\t\t\t\t\t<p>Una entidad sin fines de lucro como la DWG, a diario se ve confrontada con los m\u00e1s diversos pedidos de ayuda. Para poder satisfacerlos necesariamente tambi\u00e9n dependemos de donaciones, \u00fanica fuente de recursos aparte de las cuotas de socios y de las fiestas ben\u00e9ficas.<br \/>Las donaciones pueden ser en dinero, en especie o con servicios gratuitos, para los siguientes fines:<\/p>\t\t\t\t\t\t\t\t<\/div>\n\t\t\t\t<\/div>\n\t\t\t\t\t<\/div>\n\t\t<\/div>\n\t\t\t\t\t<\/div>\n\t\t<\/section>\n\t\t\t\t<section class=\"elementor-section elementor-top-section elementor-element elementor-element-062c6c5 elementor-section-boxed elementor-section-height-default elementor-section-height-default\" data-id=\"062c6c5\" data-element_type=\"section\" data-e-type=\"section\">\n\t\t\t\t\t\t<div class=\"elementor-container elementor-column-gap-default\">\n\t\t\t\t\t<div class=\"elementor-column elementor-col-50 elementor-top-column elementor-element elementor-element-c461a97 ot-flex-column-vertical\" data-id=\"c461a97\" data-element_type=\"column\" data-e-type=\"column\">\n\t\t\t<div class=\"elementor-widget-wrap elementor-element-populated\">\n\t\t\t\t\t\t<div class=\"elementor-element elementor-element-80913f9 elementor-list-item-link-full_width elementor-invisible elementor-widget elementor-widget-icon-list\" data-id=\"80913f9\" data-element_type=\"widget\" data-e-type=\"widget\" data-settings=\"{&quot;_animation&quot;:&quot;fadeIn&quot;}\" data-widget_type=\"icon-list.default\">\n\t\t\t\t<div class=\"elementor-widget-container\">\n\t\t\t\t\t\t\t<ul class=\"elementor-icon-list-items\">\n\t\t\t\t\t\t\t<li class=\"elementor-icon-list-item\">\n\t\t\t\t\t\t\t\t\t\t\t<span class=\"elementor-icon-list-icon\">\n\t\t\t\t\t\t\t<i aria-hidden=\"true\" class=\"fas fa-check-circle\"><\/i>\t\t\t\t\t\t<\/span>\n\t\t\t\t\t\t\t\t\t\t<span class=\"elementor-icon-list-text\">AYUDAR en la organizaci\u00f3n de eventos con fines ben\u00e9ficos<\/span>\n\t\t\t\t\t\t\t\t\t<\/li>\n\t\t\t\t\t\t\t\t<li class=\"elementor-icon-list-item\">\n\t\t\t\t\t\t\t\t\t\t\t<span class=\"elementor-icon-list-icon\">\n\t\t\t\t\t\t\t<i aria-hidden=\"true\" class=\"fas fa-check-circle\"><\/i>\t\t\t\t\t\t<\/span>\n\t\t\t\t\t\t\t\t\t\t<span class=\"elementor-icon-list-text\">AYUDAR en nuestra Biblioteca y clasificar donaci\u00f3n de libros<\/span>\n\t\t\t\t\t\t\t\t\t<\/li>\n\t\t\t\t\t\t\t\t<li class=\"elementor-icon-list-item\">\n\t\t\t\t\t\t\t\t\t\t\t<span class=\"elementor-icon-list-icon\">\n\t\t\t\t\t\t\t<i aria-hidden=\"true\" class=\"fas fa-check-circle\"><\/i>\t\t\t\t\t\t<\/span>\n\t\t\t\t\t\t\t\t\t\t<span class=\"elementor-icon-list-text\">PROMOCIONAR necesidad de donaciones y retirar las mismas<\/span>\n\t\t\t\t\t\t\t\t\t<\/li>\n\t\t\t\t\t\t\t\t<li class=\"elementor-icon-list-item\">\n\t\t\t\t\t\t\t\t\t\t\t<span class=\"elementor-icon-list-icon\">\n\t\t\t\t\t\t\t<i aria-hidden=\"true\" class=\"fas fa-check-circle\"><\/i>\t\t\t\t\t\t<\/span>\n\t\t\t\t\t\t\t\t\t\t<span class=\"elementor-icon-list-text\">COLABORAR con nuestra Cafeter\u00eda<\/span>\n\t\t\t\t\t\t\t\t\t<\/li>\n\t\t\t\t\t\t\t\t<li class=\"elementor-icon-list-item\">\n\t\t\t\t\t\t\t\t\t\t\t<span class=\"elementor-icon-list-icon\">\n\t\t\t\t\t\t\t<i aria-hidden=\"true\" class=\"fas fa-check-circle\"><\/i>\t\t\t\t\t\t<\/span>\n\t\t\t\t\t\t\t\t\t\t<span class=\"elementor-icon-list-text\">DEDICAR tiempo a los residentes del Hogar Los Pinos<\/span>\n\t\t\t\t\t\t\t\t\t<\/li>\n\t\t\t\t\t\t<\/ul>\n\t\t\t\t\t\t<\/div>\n\t\t\t\t<\/div>\n\t\t\t\t\t<\/div>\n\t\t<\/div>\n\t\t\t\t<div class=\"elementor-column elementor-col-50 elementor-top-column elementor-element elementor-element-7cd30c6 ot-flex-column-vertical\" data-id=\"7cd30c6\" data-element_type=\"column\" data-e-type=\"column\">\n\t\t\t<div class=\"elementor-widget-wrap elementor-element-populated\">\n\t\t\t\t\t\t<div class=\"elementor-element elementor-element-c2d7aa2 elementor-widget elementor-widget-image\" data-id=\"c2d7aa2\" data-element_type=\"widget\" data-e-type=\"widget\" data-widget_type=\"image.default\">\n\t\t\t\t<div class=\"elementor-widget-container\">\n\t\t\t\t\t\t\t\t\t\t\t\t\t\t\t<img fetchpriority=\"high\" decoding=\"async\" width=\"1024\" height=\"529\" src=\"https:\/\/dwg.org.ar\/wp-content\/uploads\/2026\/03\/voluntarios-dwg-socieadad-alemana-de-beneficencia-1024x529.jpeg\" class=\"attachment-large size-large wp-image-5552\" alt=\"Voluntarios DWG Sociedad Alemana de Beneficencia\" srcset=\"https:\/\/dwg.org.ar\/wp-content\/uploads\/2026\/03\/voluntarios-dwg-socieadad-alemana-de-beneficencia-1024x529.jpeg 1024w, https:\/\/dwg.org.ar\/wp-content\/uploads\/2026\/03\/voluntarios-dwg-socieadad-alemana-de-beneficencia-300x155.jpeg 300w, https:\/\/dwg.org.ar\/wp-content\/uploads\/2026\/03\/voluntarios-dwg-socieadad-alemana-de-beneficencia-768x396.jpeg 768w, https:\/\/dwg.org.ar\/wp-content\/uploads\/2026\/03\/voluntarios-dwg-socieadad-alemana-de-beneficencia-1536x793.jpeg 1536w, https:\/\/dwg.org.ar\/wp-content\/uploads\/2026\/03\/voluntarios-dwg-socieadad-alemana-de-beneficencia.jpeg 1600w\" sizes=\"(max-width: 1024px) 100vw, 1024px\" \/>\t\t\t\t\t\t\t\t\t\t\t\t\t\t\t<\/div>\n\t\t\t\t<\/div>\n\t\t\t\t<div class=\"elementor-element elementor-element-7d0cfea elementor-invisible elementor-widget elementor-widget-iheading\" data-id=\"7d0cfea\" data-element_type=\"widget\" data-e-type=\"widget\" data-settings=\"{&quot;_animation&quot;:&quot;fadeInDown&quot;}\" data-widget_type=\"iheading.default\">\n\t\t\t\t<div class=\"elementor-widget-container\">\n\t\t\t\t\t\t\t<div class=\"ot-heading left-align\">\r\n\t\t\t\r\n\t\t\t\t\r\n\r\n\t         \r\n\r\n\t        \t        \t<h2 class=\"main-heading\">\u00a1Sumate al Equipo, te esperamos!\n\n<\/h2>\r\n\t        \t    <\/div>\r\n\t    \t\t\t\t<\/div>\n\t\t\t\t<\/div>\n\t\t\t\t\t<\/div>\n\t\t<\/div>\n\t\t\t\t\t<\/div>\n\t\t<\/section>\n\t\t\t\t<\/div>\n\t\t","protected":false},"excerpt":{"rendered":"<p>Voluntarios Voluntarios Una entidad sin fines de lucro como la DWG, a diario se ve confrontada con los m\u00e1s diversos pedidos de ayuda. Para poder satisfacerlos necesariamente tambi\u00e9n dependemos de donaciones, \u00fanica fuente de recursos aparte de las cuotas de socios y de las fiestas ben\u00e9ficas.Las donaciones pueden ser en dinero, en especie o con [&hellip;]<\/p>\n","protected":false},"author":2,"featured_media":0,"parent":0,"menu_order":0,"comment_status":"closed","ping_status":"closed","template":"","meta":{"footnotes":""},"class_list":["post-4767","page","type-page","status-publish","hentry"],"yoast_head":"<!-- This site is optimized with the Yoast SEO plugin v27.3 - https:\/\/yoast.com\/product\/yoast-seo-wordpress\/ -->\n<title>Voluntarios | DWG<\/title>\n<meta name=\"description\" content=\"La DWG gerencia al Hogar para Mayores Los Pinos. Asimismo cuenta con un \u00e1rea de Asistencia Social, alcanzando su ayuda a sectores del conurbano Bonaerense,\" \/>\n<meta name=\"robots\" content=\"index, follow, max-snippet:-1, max-image-preview:large, max-video-preview:-1\" \/>\n<link rel=\"canonical\" href=\"https:\/\/dwg.org.ar\/?page_id=4767\" \/>\n<meta property=\"og:locale\" content=\"es_ES\" \/>\n<meta property=\"og:type\" content=\"article\" \/>\n<meta property=\"og:title\" content=\"Voluntarios | DWG\" \/>\n<meta property=\"og:description\" content=\"La DWG gerencia al Hogar para Mayores Los Pinos. Asimismo cuenta con un \u00e1rea de Asistencia Social, alcanzando su ayuda a sectores del conurbano Bonaerense,\" \/>\n<meta property=\"og:url\" content=\"https:\/\/dwg.org.ar\/?page_id=4767\" \/>\n<meta property=\"og:site_name\" content=\"DWG\" \/>\n<meta property=\"article:publisher\" content=\"https:\/\/www.facebook.com\/SociedadAlemanadeBeneficencia\" \/>\n<meta property=\"article:modified_time\" content=\"2026-03-31T16:14:03+00:00\" \/>\n<meta property=\"og:image\" content=\"https:\/\/dwg.org.ar\/wp-content\/uploads\/2026\/03\/voluntarios-dwg-socieadad-alemana-de-beneficencia.jpeg\" \/>\n\t<meta property=\"og:image:width\" content=\"1600\" \/>\n\t<meta property=\"og:image:height\" content=\"826\" \/>\n\t<meta property=\"og:image:type\" content=\"image\/jpeg\" \/>\n<meta name=\"twitter:card\" content=\"summary_large_image\" \/>\n<meta name=\"twitter:label1\" content=\"Tiempo de lectura\" \/>\n\t<meta name=\"twitter:data1\" content=\"1 minuto\" \/>\n<script type=\"application\/ld+json\" class=\"yoast-schema-graph\">{\"@context\":\"https:\\\/\\\/schema.org\",\"@graph\":[{\"@type\":\"WebPage\",\"@id\":\"https:\\\/\\\/dwg.org.ar\\\/?page_id=4767\",\"url\":\"https:\\\/\\\/dwg.org.ar\\\/?page_id=4767\",\"name\":\"Voluntarios | DWG\",\"isPartOf\":{\"@id\":\"https:\\\/\\\/dwg.org.ar\\\/#website\"},\"primaryImageOfPage\":{\"@id\":\"https:\\\/\\\/dwg.org.ar\\\/?page_id=4767#primaryimage\"},\"image\":{\"@id\":\"https:\\\/\\\/dwg.org.ar\\\/?page_id=4767#primaryimage\"},\"thumbnailUrl\":\"https:\\\/\\\/dwg.org.ar\\\/wp-content\\\/uploads\\\/2026\\\/03\\\/voluntarios-dwg-socieadad-alemana-de-beneficencia-1024x529.jpeg\",\"datePublished\":\"2021-09-28T02:43:39+00:00\",\"dateModified\":\"2026-03-31T16:14:03+00:00\",\"description\":\"La DWG gerencia al Hogar para Mayores Los Pinos. Asimismo cuenta con un \u00e1rea de Asistencia Social, alcanzando su ayuda a sectores del conurbano Bonaerense,\",\"breadcrumb\":{\"@id\":\"https:\\\/\\\/dwg.org.ar\\\/?page_id=4767#breadcrumb\"},\"inLanguage\":\"es-AR\",\"potentialAction\":[{\"@type\":\"ReadAction\",\"target\":[\"https:\\\/\\\/dwg.org.ar\\\/?page_id=4767\"]}]},{\"@type\":\"ImageObject\",\"inLanguage\":\"es-AR\",\"@id\":\"https:\\\/\\\/dwg.org.ar\\\/?page_id=4767#primaryimage\",\"url\":\"https:\\\/\\\/dwg.org.ar\\\/wp-content\\\/uploads\\\/2026\\\/03\\\/voluntarios-dwg-socieadad-alemana-de-beneficencia.jpeg\",\"contentUrl\":\"https:\\\/\\\/dwg.org.ar\\\/wp-content\\\/uploads\\\/2026\\\/03\\\/voluntarios-dwg-socieadad-alemana-de-beneficencia.jpeg\",\"width\":1600,\"height\":826,\"caption\":\"Voluntarios DWG Sociedad Alemana de Beneficencia\"},{\"@type\":\"BreadcrumbList\",\"@id\":\"https:\\\/\\\/dwg.org.ar\\\/?page_id=4767#breadcrumb\",\"itemListElement\":[{\"@type\":\"ListItem\",\"position\":1,\"name\":\"Inicio\",\"item\":\"https:\\\/\\\/dwg.org.ar\\\/\"},{\"@type\":\"ListItem\",\"position\":2,\"name\":\"Voluntarios\"}]},{\"@type\":\"WebSite\",\"@id\":\"https:\\\/\\\/dwg.org.ar\\\/#website\",\"url\":\"https:\\\/\\\/dwg.org.ar\\\/\",\"name\":\"DWG - Sociedad Alemana de Beneficencia\",\"description\":\"La DWG gerencia el Hogar para Mayores Los Pinos.\",\"publisher\":{\"@id\":\"https:\\\/\\\/dwg.org.ar\\\/#organization\"},\"potentialAction\":[{\"@type\":\"SearchAction\",\"target\":{\"@type\":\"EntryPoint\",\"urlTemplate\":\"https:\\\/\\\/dwg.org.ar\\\/?s={search_term_string}\"},\"query-input\":{\"@type\":\"PropertyValueSpecification\",\"valueRequired\":true,\"valueName\":\"search_term_string\"}}],\"inLanguage\":\"es-AR\"},{\"@type\":\"Organization\",\"@id\":\"https:\\\/\\\/dwg.org.ar\\\/#organization\",\"name\":\"DWG - Sociedad Alemana de Beneficencia\",\"url\":\"https:\\\/\\\/dwg.org.ar\\\/\",\"logo\":{\"@type\":\"ImageObject\",\"inLanguage\":\"es-AR\",\"@id\":\"https:\\\/\\\/dwg.org.ar\\\/#\\\/schema\\\/logo\\\/image\\\/\",\"url\":\"https:\\\/\\\/dwg.org.ar\\\/wp-content\\\/uploads\\\/2021\\\/09\\\/Logo_dwg_svg.svg\",\"contentUrl\":\"https:\\\/\\\/dwg.org.ar\\\/wp-content\\\/uploads\\\/2021\\\/09\\\/Logo_dwg_svg.svg\",\"width\":344,\"height\":172,\"caption\":\"DWG - Sociedad Alemana de Beneficencia\"},\"image\":{\"@id\":\"https:\\\/\\\/dwg.org.ar\\\/#\\\/schema\\\/logo\\\/image\\\/\"},\"sameAs\":[\"https:\\\/\\\/www.facebook.com\\\/SociedadAlemanadeBeneficencia\"]}]}<\/script>\n<!-- \/ Yoast SEO plugin. -->","yoast_head_json":{"title":"Voluntarios | DWG","description":"La DWG gerencia al Hogar para Mayores Los Pinos. Asimismo cuenta con un \u00e1rea de Asistencia Social, alcanzando su ayuda a sectores del conurbano Bonaerense,","robots":{"index":"index","follow":"follow","max-snippet":"max-snippet:-1","max-image-preview":"max-image-preview:large","max-video-preview":"max-video-preview:-1"},"canonical":"https:\/\/dwg.org.ar\/?page_id=4767","og_locale":"es_ES","og_type":"article","og_title":"Voluntarios | DWG","og_description":"La DWG gerencia al Hogar para Mayores Los Pinos. Asimismo cuenta con un \u00e1rea de Asistencia Social, alcanzando su ayuda a sectores del conurbano Bonaerense,","og_url":"https:\/\/dwg.org.ar\/?page_id=4767","og_site_name":"DWG","article_publisher":"https:\/\/www.facebook.com\/SociedadAlemanadeBeneficencia","article_modified_time":"2026-03-31T16:14:03+00:00","og_image":[{"width":1600,"height":826,"url":"https:\/\/dwg.org.ar\/wp-content\/uploads\/2026\/03\/voluntarios-dwg-socieadad-alemana-de-beneficencia.jpeg","type":"image\/jpeg"}],"twitter_card":"summary_large_image","twitter_misc":{"Tiempo de lectura":"1 minuto"},"schema":{"@context":"https:\/\/schema.org","@graph":[{"@type":"WebPage","@id":"https:\/\/dwg.org.ar\/?page_id=4767","url":"https:\/\/dwg.org.ar\/?page_id=4767","name":"Voluntarios | DWG","isPartOf":{"@id":"https:\/\/dwg.org.ar\/#website"},"primaryImageOfPage":{"@id":"https:\/\/dwg.org.ar\/?page_id=4767#primaryimage"},"image":{"@id":"https:\/\/dwg.org.ar\/?page_id=4767#primaryimage"},"thumbnailUrl":"https:\/\/dwg.org.ar\/wp-content\/uploads\/2026\/03\/voluntarios-dwg-socieadad-alemana-de-beneficencia-1024x529.jpeg","datePublished":"2021-09-28T02:43:39+00:00","dateModified":"2026-03-31T16:14:03+00:00","description":"La DWG gerencia al Hogar para Mayores Los Pinos. Asimismo cuenta con un \u00e1rea de Asistencia Social, alcanzando su ayuda a sectores del conurbano Bonaerense,","breadcrumb":{"@id":"https:\/\/dwg.org.ar\/?page_id=4767#breadcrumb"},"inLanguage":"es-AR","potentialAction":[{"@type":"ReadAction","target":["https:\/\/dwg.org.ar\/?page_id=4767"]}]},{"@type":"ImageObject","inLanguage":"es-AR","@id":"https:\/\/dwg.org.ar\/?page_id=4767#primaryimage","url":"https:\/\/dwg.org.ar\/wp-content\/uploads\/2026\/03\/voluntarios-dwg-socieadad-alemana-de-beneficencia.jpeg","contentUrl":"https:\/\/dwg.org.ar\/wp-content\/uploads\/2026\/03\/voluntarios-dwg-socieadad-alemana-de-beneficencia.jpeg","width":1600,"height":826,"caption":"Voluntarios DWG Sociedad Alemana de Beneficencia"},{"@type":"BreadcrumbList","@id":"https:\/\/dwg.org.ar\/?page_id=4767#breadcrumb","itemListElement":[{"@type":"ListItem","position":1,"name":"Inicio","item":"https:\/\/dwg.org.ar\/"},{"@type":"ListItem","position":2,"name":"Voluntarios"}]},{"@type":"WebSite","@id":"https:\/\/dwg.org.ar\/#website","url":"https:\/\/dwg.org.ar\/","name":"DWG - Sociedad Alemana de Beneficencia","description":"La DWG gerencia el Hogar para Mayores Los Pinos.","publisher":{"@id":"https:\/\/dwg.org.ar\/#organization"},"potentialAction":[{"@type":"SearchAction","target":{"@type":"EntryPoint","urlTemplate":"https:\/\/dwg.org.ar\/?s={search_term_string}"},"query-input":{"@type":"PropertyValueSpecification","valueRequired":true,"valueName":"search_term_string"}}],"inLanguage":"es-AR"},{"@type":"Organization","@id":"https:\/\/dwg.org.ar\/#organization","name":"DWG - Sociedad Alemana de Beneficencia","url":"https:\/\/dwg.org.ar\/","logo":{"@type":"ImageObject","inLanguage":"es-AR","@id":"https:\/\/dwg.org.ar\/#\/schema\/logo\/image\/","url":"https:\/\/dwg.org.ar\/wp-content\/uploads\/2021\/09\/Logo_dwg_svg.svg","contentUrl":"https:\/\/dwg.org.ar\/wp-content\/uploads\/2021\/09\/Logo_dwg_svg.svg","width":344,"height":172,"caption":"DWG - Sociedad Alemana de Beneficencia"},"image":{"@id":"https:\/\/dwg.org.ar\/#\/schema\/logo\/image\/"},"sameAs":["https:\/\/www.facebook.com\/SociedadAlemanadeBeneficencia"]}]}},"_links":{"self":[{"href":"https:\/\/dwg.org.ar\/index.php?rest_route=\/wp\/v2\/pages\/4767","targetHints":{"allow":["GET"]}}],"collection":[{"href":"https:\/\/dwg.org.ar\/index.php?rest_route=\/wp\/v2\/pages"}],"about":[{"href":"https:\/\/dwg.org.ar\/index.php?rest_route=\/wp\/v2\/types\/page"}],"author":[{"embeddable":true,"href":"https:\/\/dwg.org.ar\/index.php?rest_route=\/wp\/v2\/users\/2"}],"replies":[{"embeddable":true,"href":"https:\/\/dwg.org.ar\/index.php?rest_route=%2Fwp%2Fv2%2Fcomments&post=4767"}],"version-history":[{"count":28,"href":"https:\/\/dwg.org.ar\/index.php?rest_route=\/wp\/v2\/pages\/4767\/revisions"}],"predecessor-version":[{"id":5573,"href":"https:\/\/dwg.org.ar\/index.php?rest_route=\/wp\/v2\/pages\/4767\/revisions\/5573"}],"wp:attachment":[{"href":"https:\/\/dwg.org.ar\/index.php?rest_route=%2Fwp%2Fv2%2Fmedia&parent=4767"}],"curies":[{"name":"wp","href":"https:\/\/api.w.org\/{rel}","templated":true}]}}